 common factor of 4 and 6676?
4
Calculate the highest common divisor of 64 and 5552.
16
Calculate the greatest common divisor of 1131 and 273.
39
What is the greatest common factor of 1632 and 36?
12
Calculate the highest common divisor of 1 and 4177.
1
What is the highest common divisor of 1965 and 30?
15
Calculate the highest common divisor of 407 and 1529.
11
Calculate the highest common factor of 3 and 75.
3
What is the highest common divisor of 100 and 4?
4
What is the greatest common divisor of 7738 and 212?
106
What is the greatest common divisor of 22 and 473?
11
Calculate the greatest common factor of 261 and 58.
29
What is the greatest common factor of 100 and 12?
4
Calculate the highest common factor of 360 and 504.
72
Calculate the highest common divisor of 2259 and 18.
9
Calculate the greatest common factor of 717 and 3.
3
What is the greatest common divisor of 990 and 2200?
110
What is the greatest common divisor of 16 and 6880?
16
Calculate the greatest common factor of 252 and 1266.
6
Calculate the greatest common divisor of 98 and 14.
14
Calculate the highest common divisor of 475 and 6400.
25
Calculate the highest common divisor of 25632 and 288.
288
What is the highest common divisor of 189 and 7?
7
Calculate the greatest common factor of 41 and 42353.
41
Calculate the highest common divisor of 651 and 707.
7
What is the greatest common factor of 14509 and 22?
11
What is the greatest common factor of 6177 and 261?
87
Calculate the greatest common divisor of 34 and 82.
2
Calculate the highest common divisor of 14 and 21.
7
Calculate the highest common divisor of 23660 and 91.
91
What is the greatest common divisor of 3264 and 102?
102
Calculate the highest common divisor of 24 and 1232.
8
Calculate the highest common factor of 290 and 8062.
58
What is the highest common divisor of 58 and 1624?
58
Calculate the greatest common divisor of 4896 and 9.
9
Calculate the highest common factor of 90 and 250.
10
Calculate the greatest common factor of 14628 and 552.
276
What is the highest common divisor of 800 and 128?
32
What is the highest common factor of 5362 and 14?
14
What is the greatest common divisor of 204 and 12?
12
What is the greatest common divisor of 112 and 42?
14
What is the highest common factor of 132 and 8?
4
What is the greatest common divisor of 1602 and 18?
18
What is the greatest common divisor of 2130 and 24?
6
Calculate the highest common factor of 540 and 81.
27
What is the highest common divisor of 4615 and 130?
65
What is the greatest common divisor of 4037 and 11?
11
What is the highest common factor of 10 and 50?
10
Calculate the greatest common factor of 1298 and 4012.
118
Calculate the greatest common divisor of 80 and 9040.
80
Calculate the highest common factor of 4 and 388.
4
What is the greatest common divisor of 4 and 18?
2
Calculate the greatest common divisor of 119 and 23800.
119
What is the greatest common divisor of 2805 and 55?
55
What is the greatest common factor of 17 and 459?
17
What is the greatest common factor of 270 and 30?
30
What is the greatest common divisor of 3080 and 8855?
385
What is the highest common divisor of 65 and 13?
13
What is the greatest common factor of 49 and 98?
49
What is the highest common divisor of 4849 and 39?
13
Calculate the highest common divisor of 80 and 190.
10
What is the highest common factor of 600 and 48?
24
Calculate the highest common factor of 2641 and 417.
139
Calculate the highest common divisor of 15 and 51.
3
What is the greatest common divisor of 24 and 48?
24
What is the greatest common factor of 5508 and 1071?
153
What is the greatest common divisor of 99 and 11022?
33
What is the greatest common divisor of 1218 and 348?
174
Calculate the highest common divisor of 40 and 48.
8
Calculate the highest common divisor of 16 and 24.
8
What is the highest common divisor of 132 and 66?
66
What is the greatest common divisor of 1280 and 120?
40
What is the highest common factor of 21 and 168?
21
What is the greatest common factor of 1564 and 460?
92
Calculate the greatest common factor of 240 and 75.
15
What is the greatest common factor of 105 and 120?
15
What is the greatest common factor of 58 and 667?
29
What is the greatest common divisor of 800 and 10100?
100
Calculate the highest common factor of 632 and 8.
8
What is the greatest common factor of 16 and 3152?
16
Calculate the greatest common divisor of 392 and 49.
49
What is the highest common factor of 56 and 1162?
14
What is the highest common factor of 22 and 18095?
11
Calculate the greatest common factor of 14 and 791.
7
What is the greatest common divisor of 9948 and 8?
4
Calculate the greatest common divisor of 15 and 25.
5
What is the greatest common factor of 1 and 347?
1
Calculate the highest common divisor of 154 and 242.
22
Calculate the highest common divisor of 286 and 242.
22
Calculate the greatest common factor of 45 and 1512.
9
What is the highest common factor of 80 and 10?
10
Calculate the highest common divisor of 365 and 40.
5
What is the highest common factor of 2414 and 136?
34
Calculate the greatest common factor of 57 and 64353.
57
What is the highest common divisor of 987 and 84?
21
What is the greatest common factor of 155 and 9362?
31
What is the greatest common divisor of 248 and 40?
8
Calculate the greatest common factor of 5313 and 138.
69
Calculate the greatest common factor of 2964 and 684.
228
What is the greatest common factor of 838 and 2?
2
What is the greatest common divisor of 5778 and 126?
18
Calculate the highest common divisor of 306 and 12.
6
Calculate the greatest common factor of 5 and 20.
5
What is the highest common factor of 196 and 686?
98
What is the greatest common factor of 216 and 60?
12
What is the greatest common divisor of 5256 and 72?
72
What is the greatest common factor of 60 and 1572?
12
Calculate the greatest common factor of 24 and 40.
8
What is the greatest common factor of 55128 and 24?
24
Calculate the greatest common divisor of 2 and 2.
2
Calculate the highest common divisor of 1183 and 819.
91
Calculate the highest common divisor of 72 and 9.
9
What is the highest common factor of 1791 and 18?
9
What is the greatest common factor of 434 and 70?
14
What is the highest common factor of 1131 and 58?
29
Calculate the greatest common factor of 344 and 48.
8
Calculate the highest common divisor of 50 and 90.
10
Calculate the highest common divisor of 135 and 999.
27
Calculate the greatest common factor of 21196 and 28.
28
Calculate the highest common divisor of 110 and 88.
22
What is the highest common factor of 2847 and 438?
219
What is the greatest common factor of 307 and 1?
1
What is the greatest common divisor of 105 and 21?
21
What is the greatest common divisor of 4455 and 165?
165
Calculate the highest common factor of 120 and 6252.
12
Calculate the highest common divisor of 128 and 320.
64
Calculate the highest common divisor of 2058 and 102.
6
What is the highest common factor of 81 and 20007?
81
Calculate the highest common factor of 192 and 948.
12
Calculate the highest common divisor of 37 and 999.
37
What is the greatest common factor of 140 and 10?
10
What is the highest common divisor of 243 and 3969?
81
What is the greatest common divisor of 3688 and 40?
8
What is the greatest common factor of 13 and 156?
13
What is the greatest common divisor of 9951 and 372?
93
What is the highest common factor of 324 and 2808?
108
Calculate the highest common factor of 2 and 38.
2
What is the greatest common factor of 408 and 36?
12
What is the greatest common factor of 75 and 15?
15
Calculate the greatest common factor of 782 and 506.
46
Calculate the greatest common divisor of 20 and 220.
20
What is the highest common factor of 16 and 552?
8
What is the highest common divisor of 344 and 24?
8
What is the highest common divisor of 1050 and 3000?
150
What is the highest common factor of 226 and 4859?
113
Calculate the greatest common divisor of 36 and 5100.
12
Calculate the highest common factor of 4041 and 81.
9
Calculate the highest common divisor of 10 and 20960.
10
Calculate the greatest common factor of 286 and 22.
22
Calculate the highest common factor of 1736 and 392.
56
What is the greatest common factor of 22553 a